7
(-2 - (3 - 6)) + 0 + -5
-4
What is (-9 + 4 - 1) + 5?
-1
0 - 1 - (9 - (3 + 4))
-3
What is the value of 17 - (7 + -1) - 5?
6
Evaluate (7 - -2) + -10 + -4.
-5
What is -7 + 5 - ((2 - -1) + 0)?
-5
What is -7 + (8 - 6 - -4)?
-1
2 + (11 - 5) - (3 - -2)
3
Calculate 4 + 0 - (3 - 1).
2
Evaluate 7 + 5 - 7 - 3.
2
What is -54 + 57 - (5 - 0 - -1)?
-3
What is the value of (2 - 6 - -3) + (6 - 2)?
3
What is (1 - 2) + 2 + 78 + -77?
2
What is 10 + -6 - (1 + 0)?
3
What is the value of -1 - (-7 - (-1 + 1 + -6))?
0
Calculate -3 + (5 + -7 - -8).
3
What is the value of -5 + 0 + -1 + 1?
-5
Calculate -1 - (2 - -2 - 4).
-1
What is the value of 0 - (-2 + 9 + (-3 - -3))?
-7
Calculate (2 - (10 - -1)) + 8 + -2.
-3
Evaluate 1 + 4 - (9 + (9 - 18)).
5
Calculate -1 + (5 - (4 - -1) - 1).
-2
(0 - -2) + (-9 + 0 - -2)
-5
What is the value of -7 - (-1 - 1 - 1)?
-4
What is 0 + -2 - (-7 + -6 - -6)?
5
What is -10 - (2 - (4 - (6 - 6)))?
-8
Calculate -7 + (8 - 6) - -10.
5
-7 + 9 + 6 + -17 - -4
-5
What is (3 + -1 - 7) + 0 + 9?
4
Calculate 5 + -13 + (0 - -5).
-3
What is 1 + -8 + -11 + (-12 - -23)?
-7
4 + -9 - (15 + -23)
3
Evaluate -16 + 23 - (0 + 9).
-2
Evaluate -2 + 3 + -5 + 3.
-1
Calculate 8 + -1 + -2 - (-2 + 4).
3
What is the value of 3 + 12 + -26 + 13?
2
(-4 - -10) + -1 - (1 + -1)
5
-3 + 1 + 8 + -3
3
Evaluate -26 + 33 - (0 + 5).
2
Calculate (-11 - (-2 - -1) - -3) + 3.
-4
Evaluate (-15 - -18) + (-4 - (0 - 2)).
1
What is the value of (-1 - (0 + -11)) + -5?
5
What is -5 + 0 - (4 + 0 + -5)?
-4
Calculate -1 + -7 + 6 - -5.
3
Calculate (1 + 2 - 2) + (-8 - -11).
4
0 + -4 + 9 - 8
-3
Calculate 6 - (-1 + 3) - 2.
2
Calculate -5 - (-4 + 0 + -5) - -2.
6
What is the value of -11 + 4 + 0 + 12 - 14?
-9
What is -104 + 98 + 3 + 1?
-2
-17 + 19 - (2 + (-3 - -1))
2
Evaluate -5 + (11 - (3 - 0)).
3
What is the value of 1 + (4 + 4 + -4 - 5)?
0
-6 - 1 - (-35 - -16) - 5
7
Calculate (14 - 12) + 0 + 1 + 3.
6
What is the value of -10 - (-6 + (-2 - -1))?
-3
What is the value of 2 - (-5 - -2) - (-11 - -12)?
4
(-3 - -6) + (-1 - 2)
0
What is 6 + 2 + (-2 - -5) + -6?
5
-5 + (4 - 1) + (0 - -2)
0
Calculate (1 - (-6 + 11)) + 5.
1
2 + (1 - -3 - 0) + -13
-7
Calculate -10 - -3 - (2 + -6).
-3
Evaluate -14 + (11 + -5 - -2).
-6
Calculate (-3 - (6 - 9)) + 3.
3
Calculate 9 - (-7 + 21 - 7).
2
Calculate (1 - 14) + (6 - (-5 + 5)).
-7
Calculate 0 + 1 - -2 - -3 - 3.
3
What is the value of 3 + (-4 - (1 + 3))?
-5
2 - (-3 - (-8 - 0))
-3
Calculate -2 - (-5 + -6 + 16).
-7
Calculate -9 - ((12 - -1 - 6) + -9).
-7
Evaluate (-7 + 1 - -13) + -7.
0
Calculate -24 + 25 - (5 - -1).
-5
Calculate 8 + ((-5 - -1) + 7 - 15).
-4
What is the value of (2 - 4) + (-5 - -9 - 5)?
-3
What is (12 + -13 - (2 + -2)) + -1?
-2
11 - (11 - (3 + 3))
6
3 + (16 - 13) + (-1 - 1)
4
What is the value of -4 + (-9 - -12 - (4 + 0))?
-5
What is -2 - (-3 - -9 - 4)?
-4
What is the value of 1 + (-5 - 3 - -5) + 9?
7
(1 - (6 - 2)) + 5
2
Calculate (3 - -10) + (67 - 79).
1
Evaluate 8 - (-3 - -16) - -3.
-2
3 + 8 + (-6 - -3) + -1
7
Calculate -2 + (2 + -1 + 0 - 2).
-3
Evaluate 10 - (12 + -9) - -4.
11
(-7 - (4 + -8)) + 5
2
Calculate 18 + -16 - 10 - (-2 - 9).
3
What is the value of -3 + -5 + 10 + 1 + -8?
-5
What is the value of -39 + 40 + (2 - -1)?
4
What is the value of -6 + 4 + 7 - 1?
4
8 - (-7 - -14) - 6
-5
Evaluate -1 + 3 - 10 - -4.
-4
What is (0 - -8) + -5 + 1?
4
-4 + (1 - 2) + -21 + 23
-3
3 - (3 - ((-2 - -1) + -4))
-5
What is 15 - (-8 + 3 - -6 - -6)?
8
What is the value of (12 - 11) + 0 + 2 + -2?
1
What is the value of (4 - -1) + (-2 - (1 - -5))?
-3
-6 + (-11 - -2 - -1 - -14)
0
What is the value of (5 - 1) + (30 - 37)?
-3
Evaluate -3 - (-4 + 3) - (-30 - -22).
6
What is -2 + 0 + 5 - -1?
4
What is (4 + -1 - 1 - 4) + 0?
-2
Evaluate 7 - (6 - (-1 + 4)).
4
Evaluate -22 - -9 - -5 - -9.
1
Calculate 1 - (3 + 0 - (4 - 5)).
-3
Evaluate -4 + (4 - 3) + 5 + 2.
4
Calculate (4 - 2) + 1 - 8.
-5
Calculate -10 + 12 + (-8 - 0).
-6
(1 - 2) + -2 + 0 + 8
5
Calculate (-1 - -4) + -2 + (-4 - 3).
-6
(7 + -13 - -12) + (-15 - -2)
-7
0 + -6 - (6 + (-21 - -11))
-2
What is 3 - (0 - 2) - (2 - 0)?
3
What is (3 - 8) + 0 + 1?
-4
Calculate 6 + 5 + (-3 - 5) - 6.
-3
1 - (-3 + 8 - (-2 + 3))
-3
What is the value of -1 + (0 - 4) + 10?
5
0 + 2 + (-2 - 0)
0
What is -6 + 2 + -3 + 3?
-4
Calculate -3 + -5 + 10 + -1.
1
Calculate (-2 - (3 + -1)) + 2 + 3.
1
What is 2 + -2 - (15 + -9 - 0)?
-6
Calculate (0 - (3 - 1)) + -3.
-5
Evaluate (0 + -6 - -7) + -6.
-5
What is 5 + -3 - 2 - 3?
-3
(3 - 1) + (-59 - -56) - 2
-3
-3 - (-5 + 0 - (4 - 2))
4
Evaluate (-1 + 2 - 4) + (6 - -1).
4
Evaluate (-1 - (1 + 5)) + 0.
-7
-32 + 31 + -5 + -3 + 3
-6
What is 2 + -6 + (2 - -1) + 6?
5
Calculate 1 - (5 + -4 - -5).
-5
1 + -7 + -2 - -1
-7
0 + 0 + 3 - (-5 - -11)
-3
Evaluate (0 - 8) + -30 + 39.
1
What is -2 + (-3 - (-1 + -5))?
1
Calculate 2 + -2 - (-7 + 3 - -1).
3
Calculate 1 + 5 + -3 + 1 + -6.
-2
What is 2 + -3 - (-6 - (-3 - 0))?
2
What is -1 + (5 + 4 - 4)?
4
What is the value of 13 - (-1 - (-15 + 8 + -2))?
5
(-3 - 2) + 2 + -191 + 196
2
What is the value of -7 + 0 - (3 + -6)?
-4
What is -11 - (-4 - 0) - -14?
7
Calculate 2 - (-4 - (5 + -3 - 4)).
4
What is the value of -9 + (-24 + 28 - (1 - 1))?
-5
(-7 - (-11 + 4)) + 6 + -1
5
Calculate -6 - (11 + -1 + -15).
-1
Calculate (3 - 0) + (-22 - -19).
0
Evaluate -1 + (4 + -4 - -2).
1
What is (-2 - 0) + -27 + 26?
-3
(-2 - 0) + -1 + 6
3
What is the value of -1 - -1 - 1 - (-9 - -13)?
-5
What is -7 - -6 - (8 - 9)?
0
-8 - -1 - -13 - 8
-2
Calculate (-6 + -4 - -4) + 2.
-4
1 - (1 + 5 - 10)
5
What is 4 + 0 + 0 + 1 + -4?
1
Calculate 4 + (-1 - (8 + -4)).
-1
What is the value of (-4 - -6) + 0 + -1 + -5?
-4
Calculate -229 + 207 - (-12 + -1).
-9
1 - (0 + (-6 - -11))
-4
What is -1 + -1 - ((11 - 23) + 10)?
0
Evaluate (-3 - 4 - -20) + (4 - 9).
8
What is 2 + 2 + -1 + -2?
1
What is the value of -177 + 166 + (7 - 0)?
-4
3 + (-10 - -3) - (-3 + 0)
-1
2 - (-1 + -1 + 2)
2
Calculate (2 - (-1 - -4)) + 4 - 8.
-5
Evaluate (-3 - (-4 - -7)) + 9.
3
Calculate 0 + -1 - (1 + (-7 - -4)).
1
Evaluate 0 + 1 + (-39 - -41).
3
(-98 - -112) + (-9 - 1)
4
What is -5 - (0 - (-6 + (17 - 5)))?
1
What is the value of 6 + (1 - (6 + -1) - -4)?
6
What is 16 - ((10 - 0) + 1)?
5
What is the value of (18 - 17) + (-5 - -1)?
-3
Evaluate 17 + -13 + -1 + -6.
-3
Calculate 0 + (-6 + 2 + 9 - 3).
2
(-2 - 0) + (1 - (-3 - -1))
1
What is the value of 6 + (-21 - -1) + 49 + -42?
-7
What is the value of 0 + -5 + (3 - 2)?
-4
Calculate 18 + -17 + (2 - -2).
5
What is 2 - -1 - (2 + 2 - -4)?
-5
Calculate -33 + 42 - (0 + 4).
5
What is the value of (4 - (1 + 5)) + -1?
-3
Evaluate 6 - 0 - (24 + -18 + -6).
6
Calculate 9 - (1 - -8 - -3).
-3
Calculate -2 - ((-1 - -5) + -8 - 1).
3
Calculate -5 - (-1 + 3 + -3 + -1).
-3
What is -3 - (-5 + 0 + (0 - 1))?
3
(1 - 0) + (24 - 21)
4
Calculate -3 + (-2 - -5) - 6.
-6
Evaluate (4 - 5) + 1 + (-2 - -1).
-1
What is (3 - (5 + (0 - 3))) + -3?
-2
Calculate -15 - -10 - (-2 - (3 + -3)).
-3
3 + 1 - (2 + -1) - 7
-4
What is 8 - ((4 - 4) + 4)?
4
What is (11 - 2) + (-12 - (-16 + 7))?
6
What is (-10 - -3 - -18) + -18?
-7
Evaluate 4 - (-5 + 3 + 1 + 2).
3
What is the value of (-2 - -8) + -2 - (-92 - -94)?
2
What is 2 + 2 + (-27 - -31)?
8
What is 22 + -9 - 22 - -9?
0
Evaluate -2 + -9 + 7 + -5.
-9
0 + -1 - 2 - -4
1
Calculate (-4 - (-2 - 5)) + -7.
-4
Calculate (4 - 2) + -5 + 1.
-2
What is 3 - ((0 - 1) + 3 + 1)?
0
1 - (-8 + (11 - 4) - -7)
-5
Evaluate 6 + 4 + -7 + -2 + 6.
7
-8 - -5 - (-1 - 3)
1
What is the value of 6 + -3 + -3 - (5 - 2)?
-3
What is -4 + (-4 - -11) - 4?
-1
What is -9 + (5 - -7) - (-1 + 7)?
-3
Calculate (-12 - (12 - 23)) + -3 + -1.
-5
What is (-1 - -4) + -1 + 0 - 2?
0
Evaluate 5 + -3 + -6 + 2 + 2.
0
What is -2 - (3 + 2 - 10)?
3
Evaluate 3 + (-4 - -5 - 0).
4
5 + (-4 + 9 - 10) + 1
1
Calculate -8 + (1 - 1) + 15 + -13.
-6
What is the value of 10 - (6 - 2) - (4 + -1)?
3
20 + -18 + 0 + 4
6
What is the value of 0 + (-15 - (-3 - 6))?
-6
(-1 - -3) + -7 + 9 + -2
2
Evaluate 19 + -9 + (9 - 13).
6
2 - (-6 + 5 + -1 + -1)
5
Calculate 0 + (6 - -1) - 4.
3
Evaluate (1 - (-4 + 4)) + (-15 - -7).
-7
What is 2 - (5 - (1 + 4 + -7))?
-5
Evaluate (-2 + 6 - 7) + -2.
-5
Evaluate (12 - 2) + (6 - (-6 + 16)).
6
Calculate -1 + (-4 + 1 - -2) - -4.
2
Calculate (3 - -8) + -3 + (30 - 34).
4
(-2 - -3) + 2 + 0 + 0
3
(1 - 2) + 1 + 2 - 5
-3
Evaluate -4 - ((-3 - -6) + -1 + -2).
-4
Calculate -4 - ((-4 -